-3*q + 2*q + o = -5*l. List the prime factors of q.
2, 3, 31
Suppose v + 3*z = 62, -v + z + 50 = -0*v. Suppose 534 = 2*a - 2*m, -4*m - v = -a + 199. Let f = a + -158. List the prime factors of f.
2, 3, 19
Let t be (-89)/(-1*(-1)/(-2)). Let m(q) = 34*q + 1051. Let w be m(-34). Let j = t + w. What are the prime factors of j?
73
Suppose 244*i = 238*i + 65064. What are the prime factors of i?
2, 2711
Let x(n) = 5*n + 426. Let h be x(0). What are the prime factors of h - (9 - 4*9/12)?
2, 3, 5, 7
Suppose 45*x - 7*x = 271738. List the prime factors of x.
7151
Suppose 2*q = 3*p + 15558 - 675, -12 = 4*p. What are the prime factors of q?
3, 37, 67
Let g(j) = -136*j + 64. Let o be g(-7). Suppose 4*h - 31 = -3. Suppose o = b + h*b. What are the prime factors of b?
127
Let k be 387/27 - 4/(-6). Suppose 0*x = -4*x. Suppose -2*o - 2*o + 5*a + 67 = x, k = -5*a. List the prime factors of o.
13
Let d = -22893 + 33057. What are the prime factors of d?
2, 3, 7, 11
Suppose 16*n - 20*n = -1832. What are the prime factors of 2*-1*n/(-2)?
2, 229
Suppose 22 = 4*i - 18. Suppose 0 = -i*g - 1049 + 5799. Suppose v + g = 6*v. List the prime factors of v.
5, 19
Suppose 86*p - 908502 = -108*p. What are the prime factors of p?
3, 7, 223
What are the prime factors of 6233/(-5)*130/104*-4?
23, 271
Let i = -17 - -62. Let j be 58/18 + (-10)/i. Suppose -j*z + 294 = -30. List the prime factors of z.
2, 3
Suppose -7545 = -511*r + 341*r + 1765725. List the prime factors of r.
3, 19, 61
Let a(q) = 3*q**2 + 83*q + 2715. What are the prime factors of a(-71)?
5, 2389
Let s = -35972 - -61540. List the prime factors of s.
2, 17, 47
Let x(v) be the third derivative of v**4 + 3*v**3/2 + 26*v**2 + 1. What are the prime factors of x(4)?
3, 5, 7
Suppose -5*s + 16*q - 15*q = -12295, 2*s - 4918 = -5*q. Suppose -4*x - s = -6811. What are the prime factors of x?
2, 17
Let s(o) = -8*o**3 - 21*o**2 - o + 39. Let c(u) = 4*u**3 + 10*u**2 - 20. Let r(b) = 7*c(b) + 3*s(b). List the prime factors of r(4).
3, 37
Let p(j) be the first derivative of 20*j**3/3 + 3*j**2/2 + 2*j - 8. What are the prime factors of p(-4)?
2, 5, 31
Suppose 5*f - 2*o = 49023, f - o = 6355 + 3446. List the prime factors of f.
3, 7, 467
Let v(c) = -52*c - 52. Suppose 10*y + 111 = -79. List the prime factors of v(y).
2, 3, 13
Suppose -s = -a - 8593 + 1462, -5*s - 5*a = -35635. What are the prime factors of s?
7129
Suppose -4*c + 67628 = -4*r, 6*r + 36 = 10*r. List the prime factors of c.
2, 4229
Suppose 5*k - 26107 = 4*w, 2*w - 10447 = -2*k + 5*w. List the prime factors of k.
17, 307
Let a(p) = 37*p**2 + 30*p - 81. Let y be a(8). Let q = y - 1499. What are the prime factors of q?
2, 257
Let t = -3300 - -6794. What are the prime factors of t?
2, 1747
List the prime factors of (1322816/14)/2 + (-18)/42.
7, 17, 397
Let y(i) = 93*i**2 - 4*i - 22. List the prime factors of y(-11).
5, 11, 41
Let v be 0*(-2)/4 - -56. Suppose 0 = v*d - 35*d - 14952. What are the prime factors of d?
2, 89
Suppose -34*h + 33*h + 2 = 0. Suppose 132 = m - y, -47 = -h*m - 2*y + 209. What are the prime factors of m?
2, 5, 13
Suppose -4*o = -4*s + 42388, 0 = 5*s - 3*o - 47645 - 5358. List the prime factors of s.
2, 5303
Suppose -24320 - 34688 = -64*y. What are the prime factors of y?
2, 461
Let f(i) = 79*i**2 + 364*i - 26. What are the prime factors of f(18)?
2, 16061
Let h(y) = 4*y**2 - 8*y + 22. Let q be h(8). What are the prime factors of -38*q/(-20) + 4/10?
11, 37
Let q = 7 + -7. Let z be (q + -8)*(-6)/12. Suppose 0 = -i + 4*y + 3 + 23, 3*i = -z*y + 14. List the prime factors of i.
2, 5
Let q(v) = v**3 - 26*v**2 - 90. Let g be q(26). Let x = g - -294. List the prime factors of x.
2, 3, 17
Suppose -405*d + 382*d + 176157 = 0. What are the prime factors of d?
3, 23, 37
Suppose 2*p = -4*h - 12, -8 - 8 = 4*h. Let z be 23 + 0 - (1 - p). Suppose -z = -2*d + 14. List the prime factors of d.
19
Let m(k) = 493*k**2 + 135*k + 24. What are the prime factors of m(5)?
2, 11, 37
Let h(z) = -4314*z - 5401. What are the prime factors of h(-6)?
20483
Let k(v) be the third derivative of v**6/120 - 11*v**5/30 - 19*v**4/12 - 23*v**3/6 - 24*v**2. What are the prime factors of k(24)?
7, 31
Let h = -36514 - -87068. List the prime factors of h.
2, 7, 23, 157
Let q(d) = -1138*d + 1017. List the prime factors of q(-31).
5, 7, 17, 61
Suppose 0 = -5*d - 2*h + 26, -3*d + 4*h - 8 = -2*d. Let a be 5 - (-23*d)/4. What are the prime factors of 6/(-21) + (-8)/a*-561?
2, 5
Let a(w) = -13*w**3 - w**2 + 4*w + 6. Let q be a(5). Let j = -1145 - q. Let r = -281 + j. What are the prime factors of r?
2, 3, 11
Let m = 25 + -24. List the prime factors of -9*m*2603/(-57).
3, 137
Suppose 85 = -161*s + 144*s. Let h(m) = 0 - 1 + 3*m + m + m**2. What are the prime factors of h(s)?
2
Let n be ((-4)/(-30))/(39/585). Let v be -7*1*(-20)/14. List the prime factors of 148 + 0*(v/4 - n).
2, 37
Let a(j) = j**3 - j**2 - j - 1. Let s be a(2). Let v = s + -3. List the prime factors of (-1712)/(-24) - v/3.
2, 3
Let p be 1*172*(-6)/(-8). Let g = -24 + 27. Suppose -2*o + o = -g*x - 21, -5*o + 3*x = -p. What are the prime factors of o?
3
Let j = -1146 + -989. Let v = -881 - j. List the prime factors of v.
2, 3, 11, 19
Let u be (-2 + -1 + 6)/((-30)/(-75830)). Suppose u = -4*k - 8037. List the prime factors of (-1)/3*1 - k/33.
2, 59
Let u(i) = -5*i**3 + 79 + 240*i + 4*i**3 - 216*i + 21*i**2. List the prime factors of u(22).
3, 41
Suppose -26487 = -29*t + 2484. What are the prime factors of t?
3, 37
Suppose 0 = -19*y + 17*y - 4. Let v(x) = -5*x**2 - 5*x - 7. Let a be v(y). Let r(b) = -12*b - 20. List the prime factors of r(a).
2, 23
Suppose 4*v - 5*y + 46 + 159 = 0, -15 = 5*y. List the prime factors of -1 - (v + 5 + -3).
2, 13
Let k be 42 + 0 + 0 + (9 - 6). Let j = -45 + k. Let b(h) = -h**3 + h**2 + 136. List the prime factors of b(j).
2, 17
Let y = 5079 + 7249. What are the prime factors of y?
2, 23, 67
Suppose -5*p - 5*k + 0*k + 45 = 0, 12 = 4*p - 2*k. Suppose -15*o = -20*o + p. Let a(u) = 89*u**3 - 2*u**2 - u + 1. What are the prime factors of a(o)?
3, 29
Suppose 2*i = 4, 2368 + 185 = 5*s + 4*i. Let x = 1081 - s. What are the prime factors of x?
2, 11, 13
Let i(c) = 3*c**2 - 20*c - 645. List the prime factors of i(-57).
2, 3, 569
Let i(t) = 2*t**3 + 2*t**2 + t + 1. Let g be i(-3). Let f = g - -42. Suppose 2*y + 4*z = 7*y - 245, 0 = -f*y + 2*z + 196. List the prime factors of y.
7
Let f(d) = -d + 30. Let l be f(24). Let k be (-3 - -2) + (3 - l) + 8. Suppose 0*t - k*t = -2*h + 226, -5*h = -t - 610. List the prime factors of h.
3, 41
Let v = 590 - 587. Suppose -v*g + 1224 = 4*o - 2380, 3*o - 2724 = 3*g. List the prime factors of o.
2, 113
Let t(v) = 9*v**2 - 2*v + 15. Let k(d) = 8*d + 116. Let g be k(-15). List the prime factors of t(g).
167
Let d(o) = 134*o**2 - 7*o - 2. Let b be d(-1). Let h = 30 + b. List the prime factors of h.
13
Suppose 141 = t + 7*p - 5*p, -5*t + p + 749 = 0. Suppose r - 2*n = 2*n + 87, -2*r + 4*n = -158. Let z = t - r. List the prime factors of z.
2, 3, 13
Suppose -714*t + 61926378 = 20764278. List the prime factors of t.
2, 5, 1153
What are the prime factors of (0 - (0 - 82474/4))*(-3880)/(-6790)?
2, 43, 137
Let j(b) = 14*b - 78. Let d be j(7). Let z = d + 18. What are the prime factors of z?
2, 19
Let d be ((-1140)/8)/15*-406. Suppose 5*f - 1123 = d. What are the prime factors of f?
2, 3, 83
Let l(j) = -5*j**2 - j + 1. Let c(h) = -6*h**2 - h + 1. Let b(p) = 4*c(p) - 5*l(p). Let z be b(0). List the prime factors of (z/(-1))/(-1 - -2) - -16.
17
Let k = 253 - 150. Let m(g) = -70*g**2 + g + 1. Let c be m(-1). Let r = k + c. List the prime factors of r.
3, 11
Let k(a) = 102*a - 53. Let i be k(-8). Let f = -97 - i. What are the prime factors of f?
2, 193
Suppose 67*r = 66*r + 8. Suppose r*m - 310 = -46. List the prime factors of m.
3, 11
Let t(g) = 12*g - 6. Let f = 3 + 1. Suppose 52 - f = 8*n. What are the prime factors of t(n)?
2, 3, 11
Let c(r) be the second derivative of -r**5/20 - 31*r**4/12 + 13*r**3/3 + 22*r**2 - 4*r - 29. List the prime factors of c(-32).
2, 59
Let f be 5/((-90)/4) - (-72226)/126. Let d be 24/(-4) + 4 + f - 2. Let i = d - 404. List the prime factors of i.
3, 5, 11
Let j(s) = 53*s**2 - 3. Let n(f) = f**3 - 9*f**2 - 10*f + 3. Let z be n(10). What are the prime factors of j(z)?
2